+ -2 - ((-62 - -111) + 62)
-94
Evaluate (-5 + 1 - 77) + (-27 + 3 - (-47 - -31)).
-89
What is (0 - 0 - 1 - -41) + 89 + (53 - 146)?
36
What is the value of (-7 - (23 + -4)) + 63 - (14 - (-3 - -4))?
24
Evaluate (14 - 7) + (58 - (-6 - (4 + 0 + -3))).
72
Evaluate 34 - -7 - 62 - -38.
17
What is 55 + 10 + -20 - -3?
48
What is 91 - (43 - -16) - (2 - 6)?
36
-147 - ((-42 - -11) + -60)
-56
Calculate (20 - 9 - 22) + 23 - (-125 - (-25 - -9)).
121
Calculate 0 + (-2 - -7) + 22.
27
Calculate 2 + 9 + (104 - (13 + -21 - 3)).
126
What is 13 + (-40 - ((-14 - 0) + 106))?
-119
What is the value of 30 + -28 - (-3 + 65 - -44)?
-104
What is 1 + (-22 - 1) + (-33 + -96 - -134)?
-17
Calculate (50 - (76 + -42)) + 34 + -5.
45
-3 + (9 - (5 + 6 + -2)) + 1
-2
Evaluate (-101 - (-53 + 0)) + 51.
3
11 + (-32 - -11) + -3 + -13
-26
Evaluate (-359 - -267) + 7 + 140.
55
Evaluate -35 + -4 + (37 - 36) + 6.
-32
What is (10 - 13) + (74 + -72 - (1 + 2)) - 19?
-23
44 + (-46 + 33 - 12)
19
What is 0 - -33 - (-13 - (-37 + 58) - -20)?
47
What is -31 + (-78 - -58) + 13 + 12 + -7?
-33
-51 + (23 - -69) - -6
47
Evaluate -31 + 1 - (-37 + 64 + -25).
-32
-67 + 12 + (13 - 20) + (3 - -4) + -16
-71
What is the value of 10 - ((-4 - -16) + -9 + (7 - (4 + -5)))?
-1
Calculate 111 - (102 + -32 - -49).
-8
What is the value of 36 + 25 + (-16 + -17 - -11) + (-6 - 1)?
32
What is (10 - 7) + -11 + 15 + -8 - 52?
-53
What is the value of 31 + (0 + -7 - (-62 - -33 - (-20 + -5)))?
28
What is 0 - -70 - (-50 + 58 + (64 - 73))?
71
What is 7 + (-5 - 60) - -5 - (-16 + 15)?
-52
Evaluate 3 + 0 - 2 - (83 + -30 + -28).
-24
Evaluate -44 - (-20 + (51 - (-33 + 42))).
-66
Evaluate (99 - -46) + -127 - (80 + -1).
-61
What is the value of -94 - (88 - 71) - -33?
-78
What is 8 + -3 - (-23 + 1 - (-131 + 47))?
-57
(7 - (75 + 5 + -22 + 1)) + 2
-50
What is the value of (28 - 5) + (3 - -13) + -5?
34
Calculate 26 + (-23 - -21) + -6 + -78.
-60
-4 - (-2 - (-2 + -1) - -1) - (-744 + 752)
-14
Evaluate -71 + (-82 - -50) + 24.
-79
Evaluate (-55 + 19 - -14) + -2 - -87 - (2 - -13).
48
What is 2382 + -2411 - (-47 - -1)?
17
Calculate 5 + -58 + 3 - (-223 + 191).
-18
What is (-10 - 1) + (-105 - -38) + 75?
-3
-6 - (54 - (68 + -67))
-59
What is the value of (-31 - 2) + -98 + 232 + -46?
55
What is (-1 - -8 - -25) + -6 + (-23 - -35)?
38
61 - ((38 - -67) + -51)
7
What is the value of (-25 - (77 + -79)) + -37?
-60
Calculate 1 + 71 - (-3103 + 3126).
49
What is the value of -78 - (-11 + 14) - -46?
-35
Calculate -6 + (-11 - 17) - -35 - (0 + 52).
-51
Evaluate -4236 - -4237 - (1 + -2 + 0 + 19).
-17
146 + 39 + (-16 - 56) + 22
135
Evaluate -34 + -23 + 39 + -83.
-101
What is the value of 92 + -1 - (-15411 - -15566)?
-64
What is (128 + -8 + -18 - -13) + -16 - -8?
107
What is the value of -5 - (-46 - 0 - -45)?
-4
What is (-12 - 49) + 62 - -105?
106
What is the value of 261 - 300 - ((56 - 37) + (-9 - -1))?
-50
Evaluate -98 + 13 + -26 + 14 + (-10 - -9 - -14).
-84
20 + -76 - (10 + 0) - (-12 - (-12 + -5))
-71
Evaluate -4 - (73 - (37 - -19)).
-21
Evaluate -10 + 14 + (74 - (9 + (15 - 31))).
85
Calculate 4 - 0 - ((1 + -1 - 13) + 26) - 31.
-40
What is 2 + -1 + 1 - (66 + (-118 - -46))?
8
Calculate 2 - 26 - (-43 + 41) - (-6 - -107).
-123
Evaluate 133 + -21 + -83 + (-8 - 0).
21
What is the value of (9 - -19) + 71 + (-28 - -40)?
111
Calculate 42 + 28 + -48 - (-15 + -3).
40
What is 2 + -2 - 2 - (1121 + -985)?
-138
What is 15 + (-112 - -55) - -47?
5
Calculate 116 - 151 - (1 - 16) - -61.
41
(-105 - -103 - (-2 + 0)) + 6 + 31
37
What is the value of 7 + 18 + -33 + -8 - -18?
2
Calculate 10 - (1 + 8) - (25 - (5 + 32)).
13
Evaluate (33 + -53 - -31) + (-4 - -21).
28
What is the value of (-4 - 1) + 6 + -21 + (-9 - -14 - -6)?
-9
Calculate -139 - -9 - (7 + (1 + 8 - 7)).
-139
10 + (69 - 79) + -5 + -22 + -1
-28
Evaluate 27 + (-7 - 16) - (3 + -44 + -1).
46
What is the value of 6 + -7 + -10 + -23 + (9 - -7)?
-18
Calculate -520 + 226 + 335 - (0 - -20).
21
Calculate 100 + -172 + -32 + 239.
135
-47 + 1 + (638 - 616) - 3
-27
What is 30 + -24 - -32 - (0 - 6)?
44
What is the value of (-4 + 20 - -5) + -189 + 100?
-68
Evaluate (6 - 1 - -7) + (-1 - -13 - 68).
-44
Evaluate -14 + 17 + 20 - (-11 - (25 + -14)).
45
What is the value of 66 - 73 - ((-1 - 4) + -7)?
5
-31 - (-63 + (-26 - -79))
-21
Calculate (0 - (-11 - -2)) + (-78 - (-149 + 50)).
30
Calculate -3 - (-1 + 6) - ((9 - (-6 + 14)) + -8).
-1
What is the value of (-50 - (-145 + (-23 - -10))) + 19?
127
What is the value of -94 + 2 - (217 + -198 + 0 + -12)?
-99
Evaluate -34 - (48 + -90) - -49.
57
Evaluate 640 - 699 - (-8 - 5).
-46
Evaluate -27 - (-44 - 41 - -39).
19
Evaluate (-40 - (-19 + 28 - 20)) + (2 - -5).
-22
-30 - -23 - (112 + -1 - -2 - (18 - 20))
-122
Evaluate -2 + (9 + -1 - (-13 - (12 + -9) - -42)).
-20
13 + -1 + -3 - 16 - -14 - -75
82
Evaluate 27 + -12 + -75 + 3 - (1 - -1 - -1).
-60
What is the value of 24 + (-1 - (-1 + 0)) + (10 - (-20 - -23))?
31
-6 + (-11 - -13 - 8) + -58 + 74
4
(-9 - 0 - -9) + 8 + (-22 - -89)
75
Evaluate (3 - 3) + (14 + (7 - 21) - -11).
11
Evaluate -58 + (5 + -1 - (0 + 41 + -19)).
-76
What is the value of -5 - (0 - (2 + -7 + (11 - -19) - -4))?
24
1 + -19 + -32 + 3 + -11 + -10
-68
Calculate 50 + -156 + -18 + 5.
-119
What is the value of (1 - 82) + (-16 - (6 - 19)) - (-30 - -16)?
-70
Evaluate (62 - 105) + (46 - 6).
-3
What is (26 - 35 - -13) + 1 + -3 + 42?
44
Calculate 106 + -96 + (-6 - -50).
54
Calculate 219 - (-24 - -74) - (0 - -38).
131
What is the value of -114503 - -114581 - (0 - (-2 - 0 - (-1 + 1)))?
76
Calculate -20 + 2 - (-68 - -51) - (49 - (1 - 0)).
-49
Evaluate -17 - (-40 + 10 - 25) - (3 - -2).
33
Evaluate -16 + (-38 - -50) - (-1 + 3 + -19).
13
Calculate (1 - 15) + (-10 - (-19 + -25 + 8)).
12
-48 + 111 + -36 - (2 - -1) - 11
13
86 + -29 + (-116 - -50)
-9
Evaluate (-7 - -28 - 0) + -5 - -4.
20
What is the value of -16 + (-38 - -62) - (3 + -22 - 1)?
28
(5 - (-16 + -18 + 10)) + 10
39
Evaluate -247 - (-93 + -82) - (0 - 18 - -1).
-55
-5 - 5 - (107 + -107) - (7 + -1)
-16
29 - (-32 - (38 - 82))
17
Calculate 2 + -3 + (-12 - -2) + 45.
34
(0 - -58) + (-42 + 20 - 26) + 64
74
(3 + -6 + 10 - 0) + (-6 + -1 - 31)
-31
What is the value of -2 - 7 - (-129 + 62 - 10)?
68
Evaluate -11 + (9 + 3 + -2 - (-12 + -40 + 47)).
4
-1 + (13 - -10) + (-3 - -6)
25
What is the value of -83 + -49 - (-379 - -284)?
-37
Evaluate -47 + 1 + -10 + 63.
7
What is the value of 16 + 2 - (-79 + 77 + (4 - -2))?
14
What is the value of 18 + -7 - 5 - (-59 + -10 + 3)?
72
Evaluate -399 + -167 + 542 + 161 + (2 - 1).
138
Calculate -41 + 0 + 6 + 5 + -81 + 80.
-31
What is the value of 122 + (174 - 337) + -12 + 1?
-52
Calculate 3 + 30 + 3 + 4 + 13 + (-64 - -50).
39
What is -11 + (17 - (80 - 42))?
-32
Calculate (-1 + 28 - 34 - (8 + -1)) + 4.
-10
What is -93 + 4 + 79 + -64 + -3?
-77
What is the value of (-11 - (-4 - ((20 - 13) + -13))) + 1?
-12
What is 23 + -53 + 31 + (-6 + -30 - -1)?
-34
Calculate (-811 - -814) + (0 - -2) + (1 + -37 - 0).
-31
-19 + (37 - (12 - 14)) + -17 + -10
-7
-3 - -35 - -27 - 42
17
-1 + (0 - -1) + 32 + -66 + 66 + -21
11
What is (-3 - 125) + (-24 - -15 - (-23 - -5)) - -7?
-112
Calculate -41 + (-6 + 2 - -9) + 7 + -2.
-31
Evaluate -24 + 8 + (-10 - -11) + 17 + (0 - -34).
36
-44 + (10 - -41) + 33
40
What is ((10 - 19) + 12 - 9) + (-6 - 10)?
-22
What is 146 + -149 + (5 + -3 + -1 - 13) - -9?
-6
What is (-11 - (29 - 37)) + -8 + 130?
119
What is the value of -10 + -1 - (-21 + (24 + 16 - 30))?
0
Calculate (-10 - (-4 + -4 + 8)) + -197 + 178.
-29
Calculate 3 + -31 + (0 - -1) + 169 + -174.
-32
-55 - (109 + -116 - -74)
-122
Evaluate (-30 + -8 - -82) + (1 + -1 - 17).
27
11 - ((-9 - 6) + (-10 - 9) + -11)
56
Calculate (-14 - (-22 + -1 + 7 + 5)) + 28 + -2.
23
What is 13 - ((12 + -15 + -14 - 9) + -12)?
51
-12 + 1 - (-5 + -1 - (-67 - -33))
-39
Calculate (-12 - (13 - 17)) + (14 - 49).
-43
(16 - 87 - -38 - -52) + -173
-154
What is the value of -17 - -1 - (4 + (26 + -36 - -19))?
-29
What is the value of (-50 - -31 - -7) + -12?
-24
What is the value of -82 - (59 - 104 - -30)?
-67
What is 3 - ((-3 - 7) + 26 + -31 + 10)?
8
-114 + (10 + -12 + 4 - 1) + -8 + 21
-100
-3 + ((-1 - (6 - 6)) + 0 - (87 + -86))
-5
What is the value of 191 - (-77 - -209) - (1 - (-3 + 2) - 11)?
68
Calculate 0 + (-30 - 16) + 6.
-40
What is -23 + 63 + (-99 - -48) + 163?
152
What is -2 + -2 + 0 + (123 - 202 - 